{"id":10932,"date":"2022-07-07T10:39:40","date_gmt":"2022-07-07T10:39:40","guid":{"rendered":"https:\/\/new.space-collection.org\/artistes-space\/eleni-kamma\/"},"modified":"2025-05-13T12:11:21","modified_gmt":"2025-05-13T12:11:21","slug":"eleni-kamma","status":"publish","type":"artistes-space","link":"https:\/\/space-collection.org\/nl\/artistes-space\/eleni-kamma\/","title":{"rendered":"Eleni Kamma"},"content":{"rendered":"","protected":false},"featured_media":0,"template":"","meta":{"biographie":"<p>\u00a0<\/p>\n<p>[caption id=\"attachment_8646\" align=\"alignright\" width=\"400\"]<img class=\"wp-image-8646\" src=\"https:\/\/new.space-collection.org\/wp-content\/uploads\/2022\/07\/ELENI_KAMMA-828x1024.webp\" alt=\"\" width=\"400\" height=\"494\">  Fotocredits: Xaviera Kouvara[\/caption]<\/p>\n<p>Eleni Kamma (Athene, 1973) is beeldend kunstenaar, onderzoeker en docent. Ze studeerde aan het Chelsea College of Art & Design in Londen (MA) en de Athens School of Fine Arts (BA). In 2008\/2009 was ze onderzoeker beeldende kunst aan de Jan Van Eyck Academie in Maastricht. Ze promoveert aan de Academie voor Creatieve en Podiumkunsten van de Universiteit Leiden (2016-2021). Kamma's praktijk vloeit van haar als individuele kunstenaar (door middel van tekeningen en objecten), naar dialogische samenwerkingen (films, performatieve evenementen, tijdschriften) en weer terug, schrijvend over en ontwikkelend met anderen.    <\/p>\n<p>Solo tentoonstellingen vonden plaats in B\u00e6rum Kunsthall, Fornebu (2024), Kunsthal Gent (2023), Centre de la Gravure et de l'Image Imprim\u00e9e, La Louvi\u00e8re (2022) ; Odapark, Venray, (2022) ; West Den Haag (2021) ; SPACE, Luik (2021) ; ArBA-EsA, Acad\u00e9mie royale des beaux-arts de Bruxelles (2018); Netwerk, Aalst (2015), Macedonian Museum of Contemporary Art, Thessaloniki (2013); NAK Neuer Aachener Kunstverein, Aachen (2012); Alex Mylona Athens (2012); Wiels, Brussel (2011). Zijn werk is gepresenteerd op verschillende tentoonstellingslocaties, film- en performancefestivals en kunstenaarsresidenties over de hele wereld, waaronder de 10e Internationale Bi\u00ebnnale van Istanbul, de 5e Bi\u00ebnnale van Thessaloniki, het Palais de Tokyo, Parijs, ARGOS Centrum voor Audiovisuele Kunst, Brussel, de Kunst- und Ausstellungshalle der Bundesrepublik Deutschland, Bonn, en het Centre d'art Le Lait, Albi; EMST National Museum of Contemporary Art, Athene; Casino Luxembourg, Luxemburg; Bonnefanten Museum, Maastricht; Mus\u00e9e d'art moderne et contemporain de Saint-\u00c9tienne M\u00e9tropole, DESTE Foundation, Athene; IASPIS, Stockholm; SALT, Istanbul; Dazibao, Montreal; Cittadellarte -Fondazione Pistoletto, Biella; Kristianstads konsthall, Kristianstad; de eerste Limburg Bi\u00ebnnale, Marres, Maastricht, Transmediale, Berlijn en Playground Festival, Museum-M, Leuven. In 2007 was Kamma kandidaat voor de Deste prijs. In 2012 ontving ze de euregionale PREIS F\u00dcR JUNGE KUNST van de NAK Neuer Aachener Kunstverein.   <\/p>\n<p>Kamma is staflid van de Maastricht Academy of Interdisciplinary Arts. Ze was mentor voor het Visual Arts SNF Artist Fellowship Program 2022, Stavros Niarchos Foundation, Athene, en gastdocent aan de Koninklijke Academie van Beeldende Kunsten, Den Haag (KABK), de LUCA School of Arts, Brussel, MAFAD, Maastricht, de Koninklijke Academie voor Schone Kunsten, Brussel, de \u00c9cole nationale sup\u00e9rieure des arts visuels de La Cambre, Brussel, en het Frank Mohr Instituut, Groningen. <\/p>\n<p>Ze woont en werkt in Maastricht en Brussel.<\/p>\n<p><a title=\"Eleni Kamma\" href=\"http:\/\/elenikamma.com\/\" target=\"_blank\" rel=\"noopener\">http:\/\/elenikamma.com\/<\/a><\/p>\n"},"class_list":["post-10932","artistes-space","type-artistes-space","status-publish"],"_links":{"self":[{"href":"https:\/\/space-collection.org\/nl\/wp-json\/wp\/v2\/artistes-space\/10932","targetHints":{"allow":["GET"]}}],"collection":[{"href":"https:\/\/space-collection.org\/nl\/wp-json\/wp\/v2\/artistes-space"}],"about":[{"href":"https:\/\/space-collection.org\/nl\/wp-json\/wp\/v2\/types\/artistes-space"}],"version-history":[{"count":1,"href":"https:\/\/space-collection.org\/nl\/wp-json\/wp\/v2\/artistes-space\/10932\/revisions"}],"predecessor-version":[{"id":11278,"href":"https:\/\/space-collection.org\/nl\/wp-json\/wp\/v2\/artistes-space\/10932\/revisions\/11278"}],"wp:attachment":[{"href":"https:\/\/space-collection.org\/nl\/wp-json\/wp\/v2\/media?parent=10932"}],"curies":[{"name":"wp","href":"https:\/\/api.w.org\/{rel}","templated":true}]}}

<p> </p>
<p>[caption id="attachment_8646" align="alignright" width="400"]<img class="wp-image-8646" src="https://new.space-collection.org/wp-content/uploads/2022/07/ELENI_KAMMA-828x1024.webp" alt="" width="400" height="494">  Fotocredits: Xaviera Kouvara[/caption]</p>
<p>Eleni Kamma (Athene, 1973) is beeldend kunstenaar, onderzoeker en docent. Ze studeerde aan het Chelsea College of Art & Design in Londen (MA) en de Athens School of Fine Arts (BA). In 2008/2009 was ze onderzoeker beeldende kunst aan de Jan Van Eyck Academie in Maastricht. Ze promoveert aan de Academie voor Creatieve en Podiumkunsten van de Universiteit Leiden (2016-2021). Kamma's praktijk vloeit van haar als individuele kunstenaar (door middel van tekeningen en objecten), naar dialogische samenwerkingen (films, performatieve evenementen, tijdschriften) en weer terug, schrijvend over en ontwikkelend met anderen.    </p>
<p>Solo tentoonstellingen vonden plaats in Bærum Kunsthall, Fornebu (2024), Kunsthal Gent (2023), Centre de la Gravure et de l'Image Imprimée, La Louvière (2022) ; Odapark, Venray, (2022) ; West Den Haag (2021) ; SPACE, Luik (2021) ; ArBA-EsA, Académie royale des beaux-arts de Bruxelles (2018); Netwerk, Aalst (2015), Macedonian Museum of Contemporary Art, Thessaloniki (2013); NAK Neuer Aachener Kunstverein, Aachen (2012); Alex Mylona Athens (2012); Wiels, Brussel (2011). Zijn werk is gepresenteerd op verschillende tentoonstellingslocaties, film- en performancefestivals en kunstenaarsresidenties over de hele wereld, waaronder de 10e Internationale Biënnale van Istanbul, de 5e Biënnale van Thessaloniki, het Palais de Tokyo, Parijs, ARGOS Centrum voor Audiovisuele Kunst, Brussel, de Kunst- und Ausstellungshalle der Bundesrepublik Deutschland, Bonn, en het Centre d'art Le Lait, Albi; EMST National Museum of Contemporary Art, Athene; Casino Luxembourg, Luxemburg; Bonnefanten Museum, Maastricht; Musée d'art moderne et contemporain de Saint-Étienne Métropole, DESTE Foundation, Athene; IASPIS, Stockholm; SALT, Istanbul; Dazibao, Montreal; Cittadellarte -Fondazione Pistoletto, Biella; Kristianstads konsthall, Kristianstad; de eerste Limburg Biënnale, Marres, Maastricht, Transmediale, Berlijn en Playground Festival, Museum-M, Leuven. In 2007 was Kamma kandidaat voor de Deste prijs. In 2012 ontving ze de euregionale PREIS FÜR JUNGE KUNST van de NAK Neuer Aachener Kunstverein.   </p>
<p>Kamma is staflid van de Maastricht Academy of Interdisciplinary Arts. Ze was mentor voor het Visual Arts SNF Artist Fellowship Program 2022, Stavros Niarchos Foundation, Athene, en gastdocent aan de Koninklijke Academie van Beeldende Kunsten, Den Haag (KABK), de LUCA School of Arts, Brussel, MAFAD, Maastricht, de Koninklijke Academie voor Schone Kunsten, Brussel, de École nationale supérieure des arts visuels de La Cambre, Brussel, en het Frank Mohr Instituut, Groningen. </p>
<p>Ze woont en werkt in Maastricht en Brussel.</p>
<p><a title="Eleni Kamma" href="http://elenikamma.com/" target="_blank" rel="noopener">http://elenikamma.com/</a></p>
