{"id":10859,"date":"2022-07-07T10:39:48","date_gmt":"2022-07-07T10:39:48","guid":{"rendered":"https:\/\/new.space-collection.org\/artistes-space\/michel-francois\/"},"modified":"2025-05-13T12:14:49","modified_gmt":"2025-05-13T12:14:49","slug":"michel-francois","status":"publish","type":"artistes-space","link":"https:\/\/space-collection.org\/nl\/artistes-space\/michel-francois\/","title":{"rendered":"Michel Fran\u00e7ois"},"content":{"rendered":"","protected":false},"featured_media":0,"template":"","meta":{"biographie":"<p>\u00a0<\/p>\n<p>[caption id=\"attachment_8726\" align=\"alignright\" width=\"480\"]<img class=\"wp-image-8726 size-full\" src=\"https:\/\/new.space-collection.org\/wp-content\/uploads\/2022\/07\/2024-Portrait-Michel-Francois-Photo.-Archives-mennour-jpeg.webp\" alt=\"\" width=\"480\" height=\"640\">  Foto: Archief Mennour[\/caption]<\/p>\n<p>Geboren in 1956 in Sint-Truiden (Belgi\u00eb)<br>Woont en werkt in Brussel<\/p>\n<p>De kern van het werk van Michel Fran\u00e7ois is een meditatie over de complexiteit van het leven in al zijn vormen. Door middel van sculpturen, installaties, video's en fotografie onthult de kunstenaar de vitaliteit die verborgen ligt in het hart van de ogenschijnlijke inertie der dingen. Materialen lijken tot leven te komen in haar handen, terwijl ze hun vermogen behouden om zichzelf te transformeren volgens hun eigen interne logica. Het samengaan van het biologische en het synthetische leidt tot bijzondere combinaties, die leiden tot mimicry-spelletjes tussen de materialen en hun omgeving, boven op hun symboliek. Op deze manier worden onberispelijke tentoonstellingsruimtes omgevormd tot potenti\u00eble podiumruimtes. De invloed van de Arte Povera beweging dringt door in zijn gebruik van deze schijnbaar banale en gerecyclede materialen, die verstrikt zijn geraakt in fysieke en conceptuele transacties. Door het fragiele evenwicht vast te leggen dat ontstaat uit de spanning tussen lichtheid en dichtheid, opeenhoping en verdwijning, probeert Michel Fran\u00e7ois de veelzijdigheid van dingen en hun waarde te vangen. Deze lichamen, zowel metaforen als materialen, vormen een po\u00ebzie van materie waardoor de wereld met hernieuwde ogen wordt bekeken.       <\/p>\n<p>Michel Fran\u00e7ois nam deel aan Documenta IX in Kassel in 1992. Hij vertegenwoordigde Belgi\u00eb op de Bi\u00ebnnale van Veneti\u00eb in 1999 met Ann Veronica Janssens - gecureerd door Laurent Jacob - en in S\u00e3o Paulo in 1994. Hij nam deel aan de bi\u00ebnnales van Rennes, Istanbul, Seoul en Shanghai. Zijn solotentoonstellingen omvatten \"Contre Nature\" in Bozar (Brussel, 2023), \"Panopticon\" in YARAT (Baku, 2022), \"Tiera Vaga\" met Harold Ancart in de Casa Wabi Foundation (Puerto Escondido, 2016), \"Quarante-cinq mille affiches\" bij Mac's (Grand Hornu, 2016), \"Philaetchouri\" met Ann Veronica Janssens - gecureerd door Guillaume D\u00e9sanges - in La Verri\u00e8re (Brussel, 2015), \"Pi\u00e8ces \u00e0 conviction\" in het CRAC Languedoc Roussillon (S\u00e8te, 2012), \"Plans d'\u00e9vasion\" in het SMAK (Gent, 2009) en in het IAC (Villeurbanne, 2010), \"La Ricarda\" in de Macba (Barcelona, 2009), \"Hesp\u00e9rides\" in het Mus\u00e9e des Beaux-Arts (Lausanne, 2009), \"D\u00e9j\u00e0 vu\" Mus\u00e9e de Pont (Tilburg, 2004), Art Pace Foundation (San Antonio, Texas, 2004), \"Michel Fran\u00e7ois\" in de Westf\u00e4lischer Kunstverein (M\u00fcnster, 2003), \"Salon interm\u00e9diaire\" in het Centre Pompidou, (Parijs, 2002), \"Psycho jardin\", Joan-Mir\u00f3 Stichting (Barcelona, 2001), \"La plante en nous\" in de Kunsthalle   <br>(Bern, 2000) en in het Haus der Kunst (M\u00fcnchen, 2000) en \"L'Exposition, la boutique<br>et le bureau\" in het Palais des Beaux-Arts (Charleroi, 1999).<\/p>\n<p>Hij heeft talrijke artistieke en curatori\u00eble projecten ontwikkeld, waaronder \"La Ricarda\" met Jean Paul Jacquet in 2006 en \"Une exposition universelle\" met Guillaume D\u00e9sanges in 2013. Hij regisseerde een aantal films en cre\u00eberde het toneelstuk \"Take the floor\" met L\u00e9one Fran\u00e7ois voor het Kuntenfestivaldesarts in 2015. Hij heeft ook regelmatig samengewerkt met choreografen Pierre Droulers (\"Mountain, Fountain\" in 1995, \"Flowers\" in 2007, \"Walk Talk Chalk\" in 2010, ) en Anne Teresa De Keersmaeker (\"The song\" in 2009, \"En atendant\" 2010, \"Exit Above\" in 2023).  <\/p>\n<p><a href=\"http:\/\/www.xavierhufkens.com\/artists\/?artist_intro=Michel_Francois\" target=\"_blank\" rel=\"noopener\">http:\/\/www.xavierhufkens.com\/artists\/?artist_intro=Michel_Francois<\/a><\/p>\n"},"class_list":["post-10859","artistes-space","type-artistes-space","status-publish"],"_links":{"self":[{"href":"https:\/\/space-collection.org\/nl\/wp-json\/wp\/v2\/artistes-space\/10859","targetHints":{"allow":["GET"]}}],"collection":[{"href":"https:\/\/space-collection.org\/nl\/wp-json\/wp\/v2\/artistes-space"}],"about":[{"href":"https:\/\/space-collection.org\/nl\/wp-json\/wp\/v2\/types\/artistes-space"}],"version-history":[{"count":0,"href":"https:\/\/space-collection.org\/nl\/wp-json\/wp\/v2\/artistes-space\/10859\/revisions"}],"wp:attachment":[{"href":"https:\/\/space-collection.org\/nl\/wp-json\/wp\/v2\/media?parent=10859"}],"curies":[{"name":"wp","href":"https:\/\/api.w.org\/{rel}","templated":true}]}}

Michel François

<p> </p>
<p>[caption id="attachment_8726" align="alignright" width="480"]<img class="wp-image-8726 size-full" src="https://new.space-collection.org/wp-content/uploads/2022/07/2024-Portrait-Michel-Francois-Photo.-Archives-mennour-jpeg.webp" alt="" width="480" height="640">  Foto: Archief Mennour[/caption]</p>
<p>Geboren in 1956 in Sint-Truiden (België)<br>Woont en werkt in Brussel</p>
<p>De kern van het werk van Michel François is een meditatie over de complexiteit van het leven in al zijn vormen. Door middel van sculpturen, installaties, video's en fotografie onthult de kunstenaar de vitaliteit die verborgen ligt in het hart van de ogenschijnlijke inertie der dingen. Materialen lijken tot leven te komen in haar handen, terwijl ze hun vermogen behouden om zichzelf te transformeren volgens hun eigen interne logica. Het samengaan van het biologische en het synthetische leidt tot bijzondere combinaties, die leiden tot mimicry-spelletjes tussen de materialen en hun omgeving, boven op hun symboliek. Op deze manier worden onberispelijke tentoonstellingsruimtes omgevormd tot potentiële podiumruimtes. De invloed van de Arte Povera beweging dringt door in zijn gebruik van deze schijnbaar banale en gerecyclede materialen, die verstrikt zijn geraakt in fysieke en conceptuele transacties. Door het fragiele evenwicht vast te leggen dat ontstaat uit de spanning tussen lichtheid en dichtheid, opeenhoping en verdwijning, probeert Michel François de veelzijdigheid van dingen en hun waarde te vangen. Deze lichamen, zowel metaforen als materialen, vormen een poëzie van materie waardoor de wereld met hernieuwde ogen wordt bekeken.       </p>
<p>Michel François nam deel aan Documenta IX in Kassel in 1992. Hij vertegenwoordigde België op de Biënnale van Venetië in 1999 met Ann Veronica Janssens - gecureerd door Laurent Jacob - en in São Paulo in 1994. Hij nam deel aan de biënnales van Rennes, Istanbul, Seoul en Shanghai. Zijn solotentoonstellingen omvatten "Contre Nature" in Bozar (Brussel, 2023), "Panopticon" in YARAT (Baku, 2022), "Tiera Vaga" met Harold Ancart in de Casa Wabi Foundation (Puerto Escondido, 2016), "Quarante-cinq mille affiches" bij Mac's (Grand Hornu, 2016), "Philaetchouri" met Ann Veronica Janssens - gecureerd door Guillaume Désanges - in La Verrière (Brussel, 2015), "Pièces à conviction" in het CRAC Languedoc Roussillon (Sète, 2012), "Plans d'évasion" in het SMAK (Gent, 2009) en in het IAC (Villeurbanne, 2010), "La Ricarda" in de Macba (Barcelona, 2009), "Hespérides" in het Musée des Beaux-Arts (Lausanne, 2009), "Déjà vu" Musée de Pont (Tilburg, 2004), Art Pace Foundation (San Antonio, Texas, 2004), "Michel François" in de Westfälischer Kunstverein (Münster, 2003), "Salon intermédiaire" in het Centre Pompidou, (Parijs, 2002), "Psycho jardin", Joan-Miró Stichting (Barcelona, 2001), "La plante en nous" in de Kunsthalle   <br>(Bern, 2000) en in het Haus der Kunst (München, 2000) en "L'Exposition, la boutique<br>et le bureau" in het Palais des Beaux-Arts (Charleroi, 1999).</p>
<p>Hij heeft talrijke artistieke en curatoriële projecten ontwikkeld, waaronder "La Ricarda" met Jean Paul Jacquet in 2006 en "Une exposition universelle" met Guillaume Désanges in 2013. Hij regisseerde een aantal films en creëerde het toneelstuk "Take the floor" met Léone François voor het Kuntenfestivaldesarts in 2015. Hij heeft ook regelmatig samengewerkt met choreografen Pierre Droulers ("Mountain, Fountain" in 1995, "Flowers" in 2007, "Walk Talk Chalk" in 2010, ) en Anne Teresa De Keersmaeker ("The song" in 2009, "En atendant" 2010, "Exit Above" in 2023).  </p>
<p><a href="http://www.xavierhufkens.com/artists/?artist_intro=Michel_Francois" target="_blank" rel="noopener">http://www.xavierhufkens.com/artists/?artist_intro=Michel_Francois</a></p>
