{"id":10843,"date":"2022-07-07T10:39:49","date_gmt":"2022-07-07T10:39:49","guid":{"rendered":"https:\/\/new.space-collection.org\/artistes-space\/isabelle-detournay\/"},"modified":"2025-05-13T12:09:53","modified_gmt":"2025-05-13T12:09:53","slug":"isabelle-detournay","status":"publish","type":"artistes-space","link":"https:\/\/space-collection.org\/nl\/artistes-space\/isabelle-detournay\/","title":{"rendered":"Isabelle Detournay"},"content":{"rendered":"","protected":false},"featured_media":0,"template":"","meta":{"biographie":"<p>\u00a0<\/p>\n<p>[caption id=\"attachment_8725\" align=\"alignright\" width=\"400\"]<img class=\"wp-image-8725\" src=\"https:\/\/new.space-collection.org\/wp-content\/uploads\/2022\/07\/isabelle.png\" alt=\"\" width=\"400\" height=\"504\">  Fotocredits: Livia Saavedra[\/caption]<\/p>\n<p>Isabelle Detournay werd in 1974 geboren in Doornik (Henegouwen, Belgi\u00eb) en woont nu in Brussel. Ze geeft nu les in fotografie in beide steden (ARBA-ESA, ACT). <\/p>\n<p>In de jaren 1990, terwijl ze werkte als maatschappelijk werkster, begon ze fotografie te studeren aan ENSAV-La Cambre in Brussel. Als fotografe is ze ge\u00efnteresseerd in sociale kwesties, zowel in Belgi\u00eb als in het buitenland (met name in de VS en India). <\/p>\n<p>Ze won de nationale prijs Photographie ouverte (Mus\u00e9e de la Photographie, Charleroi) in 2000 en de Prix jeunes Artistes du Parlement de la Communaut\u00e9 fran\u00e7aise in 2007 en stelde tentoon in het MAMAC - Luik, de Botanique, het Centre Wallonie Bruxelles (Parijs) en op een aantal marginale maar niet minder aantrekkelijke locaties.<\/p>\n<p>Isabelle zet haar verkenning voort van groepen die ze langzaam leert kennen via het fotografische medium. Ze won de Prix de la Quinzaine Photographique Nantaise in 2018 voor deze serie over jongeren in een school voor mechanica in Brussel. <\/p>\n<p>In 2022 werd haar eerste lange documentaire \"Pendant que Nicoleta travaille\" (prod AJC-Gsara) geselecteerd voor verschillende festivals in binnen- en buitenland. De film won de France T\u00e9l\u00e9vision Prijs voor Beste Eerste Film op het Festival van de Vrouwenfilm van Cr\u00e9teil (F). De film combineert video, fotografie en intieme voice-over.  <\/p>\n<p>Zijn boek over de Majorettes werd in 2008 gepubliceerd door Editions Husson. In 2017 verschijnt \"La Classe A008\" bij uitgeverij \"Le Bec en l'Air\" (Marseille). In 2023 verschijnt \"Familiarit\u00e9s\", een speciale uitgave gebaseerd op zijn persoonlijke jeugd, bij ARP2 \u00e9ditions. Deze uitgave is het resultaat van een samenwerking met het Mus\u00e9e des Beaux-Arts de Tournai (B), dat zijn werk tentoonstelt van juni tot november 2023.   <\/p>\n<p><a title=\"http:\/\/www.isabelledetournay.net\/\" href=\"http:\/\/www.isabelledetournay.net\/\" target=\"_blank\" rel=\"noopener\">http:\/\/www.isabelledetournay.net\/<\/a><a title=\"http:\/\/www.isabelledetournay.net\/\" href=\"http:\/\/www.isabelledetournay.net\/\" target=\"_blank\" rel=\"noopener\"> <\/a><\/p>\n"},"class_list":["post-10843","artistes-space","type-artistes-space","status-publish"],"_links":{"self":[{"href":"https:\/\/space-collection.org\/nl\/wp-json\/wp\/v2\/artistes-space\/10843","targetHints":{"allow":["GET"]}}],"collection":[{"href":"https:\/\/space-collection.org\/nl\/wp-json\/wp\/v2\/artistes-space"}],"about":[{"href":"https:\/\/space-collection.org\/nl\/wp-json\/wp\/v2\/types\/artistes-space"}],"version-history":[{"count":1,"href":"https:\/\/space-collection.org\/nl\/wp-json\/wp\/v2\/artistes-space\/10843\/revisions"}],"predecessor-version":[{"id":11246,"href":"https:\/\/space-collection.org\/nl\/wp-json\/wp\/v2\/artistes-space\/10843\/revisions\/11246"}],"wp:attachment":[{"href":"https:\/\/space-collection.org\/nl\/wp-json\/wp\/v2\/media?parent=10843"}],"curies":[{"name":"wp","href":"https:\/\/api.w.org\/{rel}","templated":true}]}}

<p> </p>
<p>[caption id="attachment_8725" align="alignright" width="400"]<img class="wp-image-8725" src="https://new.space-collection.org/wp-content/uploads/2022/07/isabelle.png" alt="" width="400" height="504">  Fotocredits: Livia Saavedra[/caption]</p>
<p>Isabelle Detournay werd in 1974 geboren in Doornik (Henegouwen, België) en woont nu in Brussel. Ze geeft nu les in fotografie in beide steden (ARBA-ESA, ACT). </p>
<p>In de jaren 1990, terwijl ze werkte als maatschappelijk werkster, begon ze fotografie te studeren aan ENSAV-La Cambre in Brussel. Als fotografe is ze geïnteresseerd in sociale kwesties, zowel in België als in het buitenland (met name in de VS en India). </p>
<p>Ze won de nationale prijs Photographie ouverte (Musée de la Photographie, Charleroi) in 2000 en de Prix jeunes Artistes du Parlement de la Communauté française in 2007 en stelde tentoon in het MAMAC - Luik, de Botanique, het Centre Wallonie Bruxelles (Parijs) en op een aantal marginale maar niet minder aantrekkelijke locaties.</p>
<p>Isabelle zet haar verkenning voort van groepen die ze langzaam leert kennen via het fotografische medium. Ze won de Prix de la Quinzaine Photographique Nantaise in 2018 voor deze serie over jongeren in een school voor mechanica in Brussel. </p>
<p>In 2022 werd haar eerste lange documentaire "Pendant que Nicoleta travaille" (prod AJC-Gsara) geselecteerd voor verschillende festivals in binnen- en buitenland. De film won de France Télévision Prijs voor Beste Eerste Film op het Festival van de Vrouwenfilm van Créteil (F). De film combineert video, fotografie en intieme voice-over.  </p>
<p>Zijn boek over de Majorettes werd in 2008 gepubliceerd door Editions Husson. In 2017 verschijnt "La Classe A008" bij uitgeverij "Le Bec en l'Air" (Marseille). In 2023 verschijnt "Familiarités", een speciale uitgave gebaseerd op zijn persoonlijke jeugd, bij ARP2 éditions. Deze uitgave is het resultaat van een samenwerking met het Musée des Beaux-Arts de Tournai (B), dat zijn werk tentoonstelt van juni tot november 2023.   </p>
<p><a title="http://www.isabelledetournay.net/" href="http://www.isabelledetournay.net/" target="_blank" rel="noopener">http://www.isabelledetournay.net/</a><a title="http://www.isabelledetournay.net/" href="http://www.isabelledetournay.net/" target="_blank" rel="noopener"> </a></p>
