{"id":10829,"date":"2022-07-07T10:39:50","date_gmt":"2022-07-07T10:39:50","guid":{"rendered":"https:\/\/new.space-collection.org\/artistes-space\/alain-declercq\/"},"modified":"2025-05-13T12:09:46","modified_gmt":"2025-05-13T12:09:46","slug":"alain-declercq","status":"publish","type":"artistes-space","link":"https:\/\/space-collection.org\/nl\/artistes-space\/alain-declercq\/","title":{"rendered":"Alain Declercq"},"content":{"rendered":"","protected":false},"featured_media":0,"template":"","meta":{"biographie":"<p>\u00a0<\/p>\n<p>[caption id=\"attachment_8673\" align=\"alignright\" width=\"400\"]<img class=\"wp-image-8673\" src=\"https:\/\/new.space-collection.org\/wp-content\/uploads\/2022\/07\/ALAIN_Q-jpg.webp\" alt=\"\" width=\"400\" height=\"600\">  Fotocredits: Joachim Sommer[\/caption]<\/p>\n<p>1969<br>Woont en werkt in Parijs<\/p>\n<p><span class=\"x4k7w5x x1h91t0o x1h9r5lt x1jfb8zj xv2umb2 x1beo9mf xaigb6o x12ejxvf x3igimt xarpa2k xedcshv x1lytzrv x1t2pt76 x7ja8zs x1qrby5j\"><span class=\"x193iq5w xeuugli x13faqbe x1vvkbs x1xmvt09 x1lliihq x1s928wv xhkezso x1gmr53x x1cpjm7i x1fgarty x1943h6x xudqn12 x3x7a5m x6prxxf xvq8zen xo1l8bm x14ctfv\" dir=\"auto\">Verbergen, vervalsen, verbergen of verborgen worden, fotograferen, onderzoeken, simuleren, verzinnen - het zijn allemaal activiteiten die Alain Declercq op zijn repertoire heeft staan. Soms in grote installaties, of objecten, in foto's, video's of tekeningen. Maar het centrale aspect van zijn werk is ongetwijfeld fotografie. Niet alleen in de gebruikelijke zin, maar veel meer als een judo-greep, of beter nog, een Aikido-greep: hoe een machtsevenwicht te gebruiken door het op zijn kop te zetten, door de kracht van de ander te gebruiken om ermee te spelen, om het binnenstebuiten te keren, of gewoon om het bloot te leggen waar het niet gezien wil worden. Dit schot richt zich niet langer op het moment van de trekker, maar eerder op de omstandigheden die deze actie, deze handeling mogelijk maken.      <\/span><\/span><\/p>\n<p><span class=\"x4k7w5x x1h91t0o x1h9r5lt x1jfb8zj xv2umb2 x1beo9mf xaigb6o x12ejxvf x3igimt xarpa2k xedcshv x1lytzrv x1t2pt76 x7ja8zs x1qrby5j\"><span class=\"x193iq5w xeuugli x13faqbe x1vvkbs x1xmvt09 x1lliihq x1s928wv xhkezso x1gmr53x x1cpjm7i x1fgarty x1943h6x xudqn12 x3x7a5m x6prxxf xvq8zen xo1l8bm x14ctfv\" dir=\"auto\">Alain Declercq stelde tentoon in talrijke musea en kunstcentra in Frankrijk (Palais de Tokyo bij 5 gelegenheden, Mus\u00e9e d'art moderne, Centre Pompidou, Bi\u00ebnnale van Lyon, enz.) en in het buitenland (Artsonje in Seoul, Moca in Taipei, Mudam in Luxemburg, Museum 21 in Louisville, ISCP of artists space in New York, enz.), en wordt vertegenwoordigd door Galerie Loevenbruck (Parijs) en Fontana (Amsterdam). Zijn films werden op talrijke festivals vertoond (rencontres paris Berlin, les instants vid\u00e9os, hors pistes, cin\u00e9ma du r\u00e9el, Transmediale, enz.) Hij geeft les en co\u00f6rdineert de afdeling Art Espace aan de Arts D\u00e9coratifs de Paris. - Samuel Bianchini   <br><\/span><\/span><\/p>\n<p><a href=\"http:\/\/www.alaindeclercq.com\/\" target=\"_blank\" rel=\"noopener\">http:\/\/www.alaindeclercq.com\/<\/a><\/p>\n"},"class_list":["post-10829","artistes-space","type-artistes-space","status-publish"],"_links":{"self":[{"href":"https:\/\/space-collection.org\/nl\/wp-json\/wp\/v2\/artistes-space\/10829","targetHints":{"allow":["GET"]}}],"collection":[{"href":"https:\/\/space-collection.org\/nl\/wp-json\/wp\/v2\/artistes-space"}],"about":[{"href":"https:\/\/space-collection.org\/nl\/wp-json\/wp\/v2\/types\/artistes-space"}],"version-history":[{"count":1,"href":"https:\/\/space-collection.org\/nl\/wp-json\/wp\/v2\/artistes-space\/10829\/revisions"}],"predecessor-version":[{"id":11242,"href":"https:\/\/space-collection.org\/nl\/wp-json\/wp\/v2\/artistes-space\/10829\/revisions\/11242"}],"wp:attachment":[{"href":"https:\/\/space-collection.org\/nl\/wp-json\/wp\/v2\/media?parent=10829"}],"curies":[{"name":"wp","href":"https:\/\/api.w.org\/{rel}","templated":true}]}}

<p> </p>
<p>[caption id="attachment_8673" align="alignright" width="400"]<img class="wp-image-8673" src="https://new.space-collection.org/wp-content/uploads/2022/07/ALAIN_Q-jpg.webp" alt="" width="400" height="600">  Fotocredits: Joachim Sommer[/caption]</p>
<p>1969<br>Woont en werkt in Parijs</p>
<p><span class="x4k7w5x x1h91t0o x1h9r5lt x1jfb8zj xv2umb2 x1beo9mf xaigb6o x12ejxvf x3igimt xarpa2k xedcshv x1lytzrv x1t2pt76 x7ja8zs x1qrby5j"><span class="x193iq5w xeuugli x13faqbe x1vvkbs x1xmvt09 x1lliihq x1s928wv xhkezso x1gmr53x x1cpjm7i x1fgarty x1943h6x xudqn12 x3x7a5m x6prxxf xvq8zen xo1l8bm x14ctfv" dir="auto">Verbergen, vervalsen, verbergen of verborgen worden, fotograferen, onderzoeken, simuleren, verzinnen - het zijn allemaal activiteiten die Alain Declercq op zijn repertoire heeft staan. Soms in grote installaties, of objecten, in foto's, video's of tekeningen. Maar het centrale aspect van zijn werk is ongetwijfeld fotografie. Niet alleen in de gebruikelijke zin, maar veel meer als een judo-greep, of beter nog, een Aikido-greep: hoe een machtsevenwicht te gebruiken door het op zijn kop te zetten, door de kracht van de ander te gebruiken om ermee te spelen, om het binnenstebuiten te keren, of gewoon om het bloot te leggen waar het niet gezien wil worden. Dit schot richt zich niet langer op het moment van de trekker, maar eerder op de omstandigheden die deze actie, deze handeling mogelijk maken.      </span></span></p>
<p><span class="x4k7w5x x1h91t0o x1h9r5lt x1jfb8zj xv2umb2 x1beo9mf xaigb6o x12ejxvf x3igimt xarpa2k xedcshv x1lytzrv x1t2pt76 x7ja8zs x1qrby5j"><span class="x193iq5w xeuugli x13faqbe x1vvkbs x1xmvt09 x1lliihq x1s928wv xhkezso x1gmr53x x1cpjm7i x1fgarty x1943h6x xudqn12 x3x7a5m x6prxxf xvq8zen xo1l8bm x14ctfv" dir="auto">Alain Declercq stelde tentoon in talrijke musea en kunstcentra in Frankrijk (Palais de Tokyo bij 5 gelegenheden, Musée d'art moderne, Centre Pompidou, Biënnale van Lyon, enz.) en in het buitenland (Artsonje in Seoul, Moca in Taipei, Mudam in Luxemburg, Museum 21 in Louisville, ISCP of artists space in New York, enz.), en wordt vertegenwoordigd door Galerie Loevenbruck (Parijs) en Fontana (Amsterdam). Zijn films werden op talrijke festivals vertoond (rencontres paris Berlin, les instants vidéos, hors pistes, cinéma du réel, Transmediale, enz.) Hij geeft les en coördineert de afdeling Art Espace aan de Arts Décoratifs de Paris. - Samuel Bianchini   <br></span></span></p>
<p><a href="http://www.alaindeclercq.com/" target="_blank" rel="noopener">http://www.alaindeclercq.com/</a></p>
