{"id":10640,"date":"2023-08-17T13:34:41","date_gmt":"2023-08-17T13:34:41","guid":{"rendered":"https:\/\/new.space-collection.org\/artistes-space\/cathy-alvarez-valle\/"},"modified":"2025-05-13T12:08:57","modified_gmt":"2025-05-13T12:08:57","slug":"cathy-alvarez-valle","status":"publish","type":"artistes-space","link":"https:\/\/space-collection.org\/nl\/artistes-space\/cathy-alvarez-valle\/","title":{"rendered":"Cathy Alvarez Valle"},"content":{"rendered":"","protected":false},"featured_media":0,"template":"","meta":{"biographie":"<p>\u00a0<\/p>\n<p>[caption id=\"attachment_8691\" align=\"alignright\" width=\"550\"]<img class=\"wp-image-8691\" src=\"https:\/\/new.space-collection.org\/wp-content\/uploads\/2023\/08\/CATHY_ALVAREZ-jpg.webp\" alt=\"\" width=\"550\" height=\"367\">  Fotocredits: Fabienne Petitjean[\/caption]<\/p>\n<p>\u00b01978<br>Woont en werkt in Luik<\/p>\n<p><span class=\"x4k7w5x x1h91t0o x1h9r5lt x1jfb8zj xv2umb2 x1beo9mf xaigb6o x12ejxvf x3igimt xarpa2k xedcshv x1lytzrv x1t2pt76 x7ja8zs x1qrby5j\"><span class=\"x193iq5w xeuugli x13faqbe x1vvkbs x1xmvt09 x1lliihq x1s928wv xhkezso x1gmr53x x1cpjm7i x1fgarty x1943h6x xudqn12 x3x7a5m x6prxxf xvq8zen xo1l8bm x14ctfv\" dir=\"auto\">  Geboren in Luik in 1978 van Spaanse ouders. Na haar studies Romaanse filologie aan de universiteit van Salamanca in Spanje keerde ze terug naar Luik. Ze studeerde filmgeschiedenis aan de universiteit en fotografie aan het Institut Saint-Luc in Luik. Als autodidact verkent ze graag nieuwe media zoals keramiek en borduurwerk.   <\/span><\/span><\/p>\n<p>Ze neemt deel aan verschillende culturele en artistieke projecten voor de educatieve afdeling van het Fotomuseum van Charleroi. In 2012, 2016 en 2018 was ze verantwoordelijk voor de bemiddeling voor de Biennale de l'Image Possible (BIP\u00b0 voor het cultureel centrum Les Chiroux) en leidde ze creatieve workshops over beelden en textiel met een gevarieerd publiek. Ze stelt regelmatig tentoon in musea en galerijen zoals La Boverie in Luik, La Ch\u00e2taigneraie in Fl\u00e9malle, Le Tamat in Doornik, Le Mus\u00e9e Arts&Marges in Brussel en onlangs in Beijing. Na haar terugkeer van een creatieve residentie in l'Imprimerie, Centre d'artistes, Montr\u00e9al, nam ze een residentie aan in RAVI, Luik, om de tentoonstelling \"El Baile\" in Space (2022) voor te bereiden.   <\/p>\n<p><span class=\"x4k7w5x x1h91t0o x1h9r5lt x1jfb8zj xv2umb2 x1beo9mf xaigb6o x12ejxvf x3igimt xarpa2k xedcshv x1lytzrv x1t2pt76 x7ja8zs x1qrby5j\"><span class=\"x193iq5w xeuugli x13faqbe x1vvkbs x1xmvt09 x1lliihq x1s928wv xhkezso x1gmr53x x1cpjm7i x1fgarty x1943h6x xudqn12 x3x7a5m x6prxxf xvq8zen xo1l8bm x14ctfv\" dir=\"auto\">Onlangs exposeerde ze op Art_Hybrid_Fair in Madrid in 2024, waar ze het Primas Hermanas (Cousin-Sisters) Collective presenteerde dat bestaat uit het trio kunstenaars en de galerie DosMilVacas (Ponferrada); Carnita Alvarez Valle (Luik), Reme Remedios (Ponferrada) en Cathy Alvarez Valle (Luik).  <\/span><\/span><\/p>\n<p><span class=\"x4k7w5x x1h91t0o x1h9r5lt x1jfb8zj xv2umb2 x1beo9mf xaigb6o x12ejxvf x3igimt xarpa2k xedcshv x1lytzrv x1t2pt76 x7ja8zs x1qrby5j\"><span class=\"x193iq5w xeuugli x13faqbe x1vvkbs x1xmvt09 x1lliihq x1s928wv xhkezso x1gmr53x x1cpjm7i x1fgarty x1943h6x xudqn12 x3x7a5m x6prxxf xvq8zen xo1l8bm x14ctfv\" dir=\"auto\"><span role=\"gridcell\"><a class=\"x1i10hfl xjbqb8w x1ejq31n xd10rxx x1sy0etr x17r0tee x972fbf xcfux6l x1qhh985 xm0m39n x9f619 x1ypdohk xt0psk2 xe8uvvx xdj266r x11i5rnm xat24cr x1mh8g0r xexx8yu x4uap5 x18d9i69 xkhd6sd x16tdsg8 xggy1nq x1a2a7pz xt0b8zv x1heor9g x1bvjpef\" role=\"link\" href=\"https:\/\/www.instagram.com\/cathyalvarezvalle\/?fbclid=IwZXh0bgNhZW0CMTAAAR3RjolNqsQWbJGnFrs6n3N8qotkNTHEDXwHoGRmH9uhOvTntgDunDOypqc_aem_AfOLD4qlgISXqq1YWARsqq9Ar3XlsRFrtWj_i8vqAdi7XPk-Appptnb477HOt7focBfM-kxhr4PuXouLyyGzIH_r\" target=\"_blank\" rel=\"nofollow noopener noreferrer\">https:\/\/www.instagram.com\/cathyalvarezvalle\/<\/a><\/span><\/span><\/span><\/p>\n<p><a href=\"https:\/\/www.cathyalvarez.be\/\">https:\/\/www.cathyalvarez.be\/<\/a><\/p>\n"},"class_list":["post-10640","artistes-space","type-artistes-space","status-publish"],"_links":{"self":[{"href":"https:\/\/space-collection.org\/nl\/wp-json\/wp\/v2\/artistes-space\/10640","targetHints":{"allow":["GET"]}}],"collection":[{"href":"https:\/\/space-collection.org\/nl\/wp-json\/wp\/v2\/artistes-space"}],"about":[{"href":"https:\/\/space-collection.org\/nl\/wp-json\/wp\/v2\/types\/artistes-space"}],"version-history":[{"count":1,"href":"https:\/\/space-collection.org\/nl\/wp-json\/wp\/v2\/artistes-space\/10640\/revisions"}],"predecessor-version":[{"id":11152,"href":"https:\/\/space-collection.org\/nl\/wp-json\/wp\/v2\/artistes-space\/10640\/revisions\/11152"}],"wp:attachment":[{"href":"https:\/\/space-collection.org\/nl\/wp-json\/wp\/v2\/media?parent=10640"}],"curies":[{"name":"wp","href":"https:\/\/api.w.org\/{rel}","templated":true}]}}

<p> </p>
<p>[caption id="attachment_8691" align="alignright" width="550"]<img class="wp-image-8691" src="https://new.space-collection.org/wp-content/uploads/2023/08/CATHY_ALVAREZ-jpg.webp" alt="" width="550" height="367">  Fotocredits: Fabienne Petitjean[/caption]</p>
<p>°1978<br>Woont en werkt in Luik</p>
<p><span class="x4k7w5x x1h91t0o x1h9r5lt x1jfb8zj xv2umb2 x1beo9mf xaigb6o x12ejxvf x3igimt xarpa2k xedcshv x1lytzrv x1t2pt76 x7ja8zs x1qrby5j"><span class="x193iq5w xeuugli x13faqbe x1vvkbs x1xmvt09 x1lliihq x1s928wv xhkezso x1gmr53x x1cpjm7i x1fgarty x1943h6x xudqn12 x3x7a5m x6prxxf xvq8zen xo1l8bm x14ctfv" dir="auto">  Geboren in Luik in 1978 van Spaanse ouders. Na haar studies Romaanse filologie aan de universiteit van Salamanca in Spanje keerde ze terug naar Luik. Ze studeerde filmgeschiedenis aan de universiteit en fotografie aan het Institut Saint-Luc in Luik. Als autodidact verkent ze graag nieuwe media zoals keramiek en borduurwerk.   </span></span></p>
<p>Ze neemt deel aan verschillende culturele en artistieke projecten voor de educatieve afdeling van het Fotomuseum van Charleroi. In 2012, 2016 en 2018 was ze verantwoordelijk voor de bemiddeling voor de Biennale de l'Image Possible (BIP° voor het cultureel centrum Les Chiroux) en leidde ze creatieve workshops over beelden en textiel met een gevarieerd publiek. Ze stelt regelmatig tentoon in musea en galerijen zoals La Boverie in Luik, La Châtaigneraie in Flémalle, Le Tamat in Doornik, Le Musée Arts&Marges in Brussel en onlangs in Beijing. Na haar terugkeer van een creatieve residentie in l'Imprimerie, Centre d'artistes, Montréal, nam ze een residentie aan in RAVI, Luik, om de tentoonstelling "El Baile" in Space (2022) voor te bereiden.   </p>
<p><span class="x4k7w5x x1h91t0o x1h9r5lt x1jfb8zj xv2umb2 x1beo9mf xaigb6o x12ejxvf x3igimt xarpa2k xedcshv x1lytzrv x1t2pt76 x7ja8zs x1qrby5j"><span class="x193iq5w xeuugli x13faqbe x1vvkbs x1xmvt09 x1lliihq x1s928wv xhkezso x1gmr53x x1cpjm7i x1fgarty x1943h6x xudqn12 x3x7a5m x6prxxf xvq8zen xo1l8bm x14ctfv" dir="auto">Onlangs exposeerde ze op Art_Hybrid_Fair in Madrid in 2024, waar ze het Primas Hermanas (Cousin-Sisters) Collective presenteerde dat bestaat uit het trio kunstenaars en de galerie DosMilVacas (Ponferrada); Carnita Alvarez Valle (Luik), Reme Remedios (Ponferrada) en Cathy Alvarez Valle (Luik).  </span></span></p>
<p><span class="x4k7w5x x1h91t0o x1h9r5lt x1jfb8zj xv2umb2 x1beo9mf xaigb6o x12ejxvf x3igimt xarpa2k xedcshv x1lytzrv x1t2pt76 x7ja8zs x1qrby5j"><span class="x193iq5w xeuugli x13faqbe x1vvkbs x1xmvt09 x1lliihq x1s928wv xhkezso x1gmr53x x1cpjm7i x1fgarty x1943h6x xudqn12 x3x7a5m x6prxxf xvq8zen xo1l8bm x14ctfv" dir="auto"><span role="gridcell"><a class="x1i10hfl xjbqb8w x1ejq31n xd10rxx x1sy0etr x17r0tee x972fbf xcfux6l x1qhh985 xm0m39n x9f619 x1ypdohk xt0psk2 xe8uvvx xdj266r x11i5rnm xat24cr x1mh8g0r xexx8yu x4uap5 x18d9i69 xkhd6sd x16tdsg8 xggy1nq x1a2a7pz xt0b8zv x1heor9g x1bvjpef" role="link" href="https://www.instagram.com/cathyalvarezvalle/?fbclid=IwZXh0bgNhZW0CMTAAAR3RjolNqsQWbJGnFrs6n3N8qotkNTHEDXwHoGRmH9uhOvTntgDunDOypqc_aem_AfOLD4qlgISXqq1YWARsqq9Ar3XlsRFrtWj_i8vqAdi7XPk-Appptnb477HOt7focBfM-kxhr4PuXouLyyGzIH_r" target="_blank" rel="nofollow noopener noreferrer">https://www.instagram.com/cathyalvarezvalle/</a></span></span></span></p>
<p><a href="https://www.cathyalvarez.be/">https://www.cathyalvarez.be/</a></p>
