{"id":10572,"date":"2024-07-18T09:25:51","date_gmt":"2024-07-18T09:25:51","guid":{"rendered":"https:\/\/new.space-collection.org\/artistes-space\/ben-benaouisse\/"},"modified":"2025-05-13T12:08:49","modified_gmt":"2025-05-13T12:08:49","slug":"ben-benaouisse","status":"publish","type":"artistes-space","link":"https:\/\/space-collection.org\/nl\/artistes-space\/ben-benaouisse\/","title":{"rendered":"Ben Benaouisse"},"content":{"rendered":"","protected":false},"featured_media":0,"template":"","meta":{"biographie":"<p><span class=\"x4k7w5x x1h91t0o x1h9r5lt x1jfb8zj xv2umb2 x1beo9mf xaigb6o x12ejxvf x3igimt xarpa2k xedcshv x1lytzrv x1t2pt76 x7ja8zs x1qrby5j\"><span class=\"x193iq5w xeuugli x13faqbe x1vvkbs x1xmvt09 x1lliihq x1s928wv xhkezso x1gmr53x x1cpjm7i x1fgarty x1943h6x xudqn12 x3x7a5m x6prxxf xvq8zen xo1l8bm x14ctfv\" dir=\"auto\"><img class=\"alignright wp-image-8869\" src=\"https:\/\/new.space-collection.org\/wp-content\/uploads\/2024\/07\/Capture-decran-2024-07-18-112501.png\" alt=\"\" width=\"600\" height=\"368\"><\/span><\/span><\/p>\n<p><span class=\"x4k7w5x x1h91t0o x1h9r5lt x1jfb8zj xv2umb2 x1beo9mf xaigb6o x12ejxvf x3igimt xarpa2k xedcshv x1lytzrv x1t2pt76 x7ja8zs x1qrby5j\"><span class=\"x193iq5w xeuugli x13faqbe x1vvkbs x1xmvt09 x1lliihq x1s928wv xhkezso x1gmr53x x1cpjm7i x1fgarty x1943h6x xudqn12 x3x7a5m x6prxxf xvq8zen xo1l8bm x14ctfv\" dir=\"auto\">Ben Benaouisse (\u00b01971, Walloni\u00eb) begon als danser. Dankzij zijn samenwerking met Th\u00e9\u00e2tre Victoria (Dirk Pauwels, Alain Platel & Arne Sierens) verhuisde hij in 1993 naar Gent. In de loop der jaren heeft hij zich ook gevestigd als acteur, performer, beeldend kunstenaar en curator. Het is precies deze veelzijdigheid die in zijn voordeel werkt. In het beeldende werk van Ben Benaouisse is het essentieel om te proberen politieke, religieuze en culturele wetmatigheden te vatten. Voordat hij experimenteerde met de mogelijkheden van verf en doek, had hij al naam gemaakt met zijn experimentele theater- en dansvoorstellingen. Hij heeft een atypische weg gevolgd, waarbij hij zonder academische achtergrond verschillende media heeft verkend. Hij heeft een artistiek oeuvre ontwikkeld dat gebaseerd is op het principe van toe-eigening, waarbij hij voortdurend op zoek is naar een houding ten opzichte van het \"hier en nu\": \"Wat kan ik als kunstenaar toevoegen aan alles wat al gedaan is? Ik ben de dwerg op de reus\". Hij test de capaciteit van kunst in onze tijd en verkent de rol ervan in onze maatschappij. Zijn conceptuele interesse vindt een balans in de verwondering en het plezier van iets maken.         <\/span><\/span><\/p>\n<p><a href=\"https:\/\/www.instagram.com\/gallerybenbenaouisse\/\">https:\/\/www.instagram.com\/gallerybenbenaouisse\/<\/a><\/p>\n"},"class_list":["post-10572","artistes-space","type-artistes-space","status-publish"],"_links":{"self":[{"href":"https:\/\/space-collection.org\/nl\/wp-json\/wp\/v2\/artistes-space\/10572","targetHints":{"allow":["GET"]}}],"collection":[{"href":"https:\/\/space-collection.org\/nl\/wp-json\/wp\/v2\/artistes-space"}],"about":[{"href":"https:\/\/space-collection.org\/nl\/wp-json\/wp\/v2\/types\/artistes-space"}],"version-history":[{"count":1,"href":"https:\/\/space-collection.org\/nl\/wp-json\/wp\/v2\/artistes-space\/10572\/revisions"}],"predecessor-version":[{"id":11137,"href":"https:\/\/space-collection.org\/nl\/wp-json\/wp\/v2\/artistes-space\/10572\/revisions\/11137"}],"wp:attachment":[{"href":"https:\/\/space-collection.org\/nl\/wp-json\/wp\/v2\/media?parent=10572"}],"curies":[{"name":"wp","href":"https:\/\/api.w.org\/{rel}","templated":true}]}}

<p><span class="x4k7w5x x1h91t0o x1h9r5lt x1jfb8zj xv2umb2 x1beo9mf xaigb6o x12ejxvf x3igimt xarpa2k xedcshv x1lytzrv x1t2pt76 x7ja8zs x1qrby5j"><span class="x193iq5w xeuugli x13faqbe x1vvkbs x1xmvt09 x1lliihq x1s928wv xhkezso x1gmr53x x1cpjm7i x1fgarty x1943h6x xudqn12 x3x7a5m x6prxxf xvq8zen xo1l8bm x14ctfv" dir="auto"><img class="alignright wp-image-8869" src="https://new.space-collection.org/wp-content/uploads/2024/07/Capture-decran-2024-07-18-112501.png" alt="" width="600" height="368"></span></span></p>
<p><span class="x4k7w5x x1h91t0o x1h9r5lt x1jfb8zj xv2umb2 x1beo9mf xaigb6o x12ejxvf x3igimt xarpa2k xedcshv x1lytzrv x1t2pt76 x7ja8zs x1qrby5j"><span class="x193iq5w xeuugli x13faqbe x1vvkbs x1xmvt09 x1lliihq x1s928wv xhkezso x1gmr53x x1cpjm7i x1fgarty x1943h6x xudqn12 x3x7a5m x6prxxf xvq8zen xo1l8bm x14ctfv" dir="auto">Ben Benaouisse (°1971, Wallonië) begon als danser. Dankzij zijn samenwerking met Théâtre Victoria (Dirk Pauwels, Alain Platel & Arne Sierens) verhuisde hij in 1993 naar Gent. In de loop der jaren heeft hij zich ook gevestigd als acteur, performer, beeldend kunstenaar en curator. Het is precies deze veelzijdigheid die in zijn voordeel werkt. In het beeldende werk van Ben Benaouisse is het essentieel om te proberen politieke, religieuze en culturele wetmatigheden te vatten. Voordat hij experimenteerde met de mogelijkheden van verf en doek, had hij al naam gemaakt met zijn experimentele theater- en dansvoorstellingen. Hij heeft een atypische weg gevolgd, waarbij hij zonder academische achtergrond verschillende media heeft verkend. Hij heeft een artistiek oeuvre ontwikkeld dat gebaseerd is op het principe van toe-eigening, waarbij hij voortdurend op zoek is naar een houding ten opzichte van het "hier en nu": "Wat kan ik als kunstenaar toevoegen aan alles wat al gedaan is? Ik ben de dwerg op de reus". Hij test de capaciteit van kunst in onze tijd en verkent de rol ervan in onze maatschappij. Zijn conceptuele interesse vindt een balans in de verwondering en het plezier van iets maken.         </span></span></p>
<p><a href="https://www.instagram.com/gallerybenbenaouisse/">https://www.instagram.com/gallerybenbenaouisse/</a></p>
