{"id":11110,"date":"2022-07-07T10:39:29","date_gmt":"2022-07-07T10:39:29","guid":{"rendered":"https:\/\/new.space-collection.org\/artistes-space\/djos-janssens\/"},"modified":"2025-05-13T11:59:10","modified_gmt":"2025-05-13T11:59:10","slug":"djos-janssens","status":"publish","type":"artistes-space","link":"https:\/\/space-collection.org\/en\/artistes-space\/djos-janssens\/","title":{"rendered":"Djos Janssens"},"content":{"rendered":"","protected":false},"featured_media":0,"template":"","meta":{"biographie":"<p>\u00a0<\/p>\n<p><span class=\"x4k7w5x x1h91t0o x1h9r5lt x1jfb8zj xv2umb2 x1beo9mf xaigb6o x12ejxvf x3igimt xarpa2k xedcshv x1lytzrv x1t2pt76 x7ja8zs x1qrby5j\"><span class=\"x193iq5w xeuugli x13faqbe x1vvkbs x1xmvt09 x1lliihq x1s928wv xhkezso x1gmr53x x1cpjm7i x1fgarty x1943h6x xudqn12 x3x7a5m x6prxxf xvq8zen xo1l8bm x14ctfv\" dir=\"auto\">Multidisciplinary visual artist, 1964<img class=\"alignright wp-image-8753\" src=\"https:\/\/new.space-collection.org\/wp-content\/uploads\/2022\/07\/Capture-decran-2024-05-16-120645.png\" alt=\"\" width=\"350\" height=\"520\"><br>Lives and works in Li\u00e8ge.  <\/span><\/span><\/p>\n<p><span class=\"x4k7w5x x1h91t0o x1h9r5lt x1jfb8zj xv2umb2 x1beo9mf xaigb6o x12ejxvf x3igimt xarpa2k xedcshv x1lytzrv x1t2pt76 x7ja8zs x1qrby5j\"><span class=\"x193iq5w xeuugli x13faqbe x1vvkbs x1xmvt09 x1lliihq x1s928wv xhkezso x1gmr53x x1cpjm7i x1fgarty x1943h6x xudqn12 x3x7a5m x6prxxf xvq8zen xo1l8bm x14ctfv\" dir=\"auto\">He is a graduate of the Royal Academy of Fine Arts in Brussels.  <\/span><\/span><\/p>\n<p><span class=\"x4k7w5x x1h91t0o x1h9r5lt x1jfb8zj xv2umb2 x1beo9mf xaigb6o x12ejxvf x3igimt xarpa2k xedcshv x1lytzrv x1t2pt76 x7ja8zs x1qrby5j\"><span class=\"x193iq5w xeuugli x13faqbe x1vvkbs x1xmvt09 x1lliihq x1s928wv xhkezso x1gmr53x x1cpjm7i x1fgarty x1943h6x xudqn12 x3x7a5m x6prxxf xvq8zen xo1l8bm x14ctfv\" dir=\"auto\">\"Attentive to deconstructing the codes of our consumer society and its stereotypes, this artist works on the text and context of his site-specific installations. Djos Janssens is one of the most productive and ingenious Belgian artists of his generation. Like all works that are constructed in the interstices and asperities of their time, thwarting fashion to establish a meaning irreducible to morality, something about his installations always escapes interpretation (...). Since 1997, his work has been exhibited in galleries, art centers, museums and public spaces. (Daniel Vander Gucht - PhD in art sociology, university professor and editor of La Lettre vol\u00e9e). In 2019, the \"La Lettre vol\u00e9e\" publishing house published its second monograph with a foreword by Caroline Lamarche (Prix Goncourt de la nouvelle 2019) and texts by Anne-Fran\u00e7oise Lesuisse (director of the Biennale internationale de la photo de Li\u00e8ge) and Philippe Van Cauteren (director of the Ghent Museum of Contemporary Art - SMAK). Six permanent installations have been completed in Belgium and one in the Grand Duchy of Luxembourg. In 2022, he presented a temporary integration for the 2022 -2023 season in the lobby of the Li\u00e8ge theater (BE). In the same year, he presented a solo exhibition and a permanent facade installation at the Centre culturel Prabbeli Luxembourg (L). Recently, his work was featured in a solo exhibition at the Belgian Gallery Brussels (curated by Bernard Marcelis). In May 2024 he will integrate a work on all the windows of the Centre Wallonie-Bruxelles in Paris (curated by St\u00e9phanie P\u00e9court) and in August he will present a solo work (curated by Justine Mathonet) at the Mus\u00e9e de la Boverie in Li\u00e8ge, as part of the \"En piste\" event, as well as a solo at the Centre d'art La Ch\u00e2taignerie in September. He is represented by Belgian Gallery Brussels (BE).        <\/span><\/span><\/p>\n<p><a href=\"http:\/\/www.djosjanssens.be\/\" target=\"_blank\" rel=\"noopener\">http:\/\/www.djosjanssens.be\/<\/a><\/p>\n"},"class_list":["post-11110","artistes-space","type-artistes-space","status-publish"],"_links":{"self":[{"href":"https:\/\/space-collection.org\/en\/wp-json\/wp\/v2\/artistes-space\/11110","targetHints":{"allow":["GET"]}}],"collection":[{"href":"https:\/\/space-collection.org\/en\/wp-json\/wp\/v2\/artistes-space"}],"about":[{"href":"https:\/\/space-collection.org\/en\/wp-json\/wp\/v2\/types\/artistes-space"}],"version-history":[{"count":1,"href":"https:\/\/space-collection.org\/en\/wp-json\/wp\/v2\/artistes-space\/11110\/revisions"}],"predecessor-version":[{"id":11223,"href":"https:\/\/space-collection.org\/en\/wp-json\/wp\/v2\/artistes-space\/11110\/revisions\/11223"}],"wp:attachment":[{"href":"https:\/\/space-collection.org\/en\/wp-json\/wp\/v2\/media?parent=11110"}],"curies":[{"name":"wp","href":"https:\/\/api.w.org\/{rel}","templated":true}]}}

<p> </p>
<p><span class="x4k7w5x x1h91t0o x1h9r5lt x1jfb8zj xv2umb2 x1beo9mf xaigb6o x12ejxvf x3igimt xarpa2k xedcshv x1lytzrv x1t2pt76 x7ja8zs x1qrby5j"><span class="x193iq5w xeuugli x13faqbe x1vvkbs x1xmvt09 x1lliihq x1s928wv xhkezso x1gmr53x x1cpjm7i x1fgarty x1943h6x xudqn12 x3x7a5m x6prxxf xvq8zen xo1l8bm x14ctfv" dir="auto">Multidisciplinary visual artist, 1964<img class="alignright wp-image-8753" src="https://new.space-collection.org/wp-content/uploads/2022/07/Capture-decran-2024-05-16-120645.png" alt="" width="350" height="520"><br>Lives and works in Liège.  </span></span></p>
<p><span class="x4k7w5x x1h91t0o x1h9r5lt x1jfb8zj xv2umb2 x1beo9mf xaigb6o x12ejxvf x3igimt xarpa2k xedcshv x1lytzrv x1t2pt76 x7ja8zs x1qrby5j"><span class="x193iq5w xeuugli x13faqbe x1vvkbs x1xmvt09 x1lliihq x1s928wv xhkezso x1gmr53x x1cpjm7i x1fgarty x1943h6x xudqn12 x3x7a5m x6prxxf xvq8zen xo1l8bm x14ctfv" dir="auto">He is a graduate of the Royal Academy of Fine Arts in Brussels.  </span></span></p>
<p><span class="x4k7w5x x1h91t0o x1h9r5lt x1jfb8zj xv2umb2 x1beo9mf xaigb6o x12ejxvf x3igimt xarpa2k xedcshv x1lytzrv x1t2pt76 x7ja8zs x1qrby5j"><span class="x193iq5w xeuugli x13faqbe x1vvkbs x1xmvt09 x1lliihq x1s928wv xhkezso x1gmr53x x1cpjm7i x1fgarty x1943h6x xudqn12 x3x7a5m x6prxxf xvq8zen xo1l8bm x14ctfv" dir="auto">"Attentive to deconstructing the codes of our consumer society and its stereotypes, this artist works on the text and context of his site-specific installations. Djos Janssens is one of the most productive and ingenious Belgian artists of his generation. Like all works that are constructed in the interstices and asperities of their time, thwarting fashion to establish a meaning irreducible to morality, something about his installations always escapes interpretation (...). Since 1997, his work has been exhibited in galleries, art centers, museums and public spaces. (Daniel Vander Gucht - PhD in art sociology, university professor and editor of La Lettre volée). In 2019, the "La Lettre volée" publishing house published its second monograph with a foreword by Caroline Lamarche (Prix Goncourt de la nouvelle 2019) and texts by Anne-Françoise Lesuisse (director of the Biennale internationale de la photo de Liège) and Philippe Van Cauteren (director of the Ghent Museum of Contemporary Art - SMAK). Six permanent installations have been completed in Belgium and one in the Grand Duchy of Luxembourg. In 2022, he presented a temporary integration for the 2022 -2023 season in the lobby of the Liège theater (BE). In the same year, he presented a solo exhibition and a permanent facade installation at the Centre culturel Prabbeli Luxembourg (L). Recently, his work was featured in a solo exhibition at the Belgian Gallery Brussels (curated by Bernard Marcelis). In May 2024 he will integrate a work on all the windows of the Centre Wallonie-Bruxelles in Paris (curated by Stéphanie Pécourt) and in August he will present a solo work (curated by Justine Mathonet) at the Musée de la Boverie in Liège, as part of the "En piste" event, as well as a solo at the Centre d'art La Châtaignerie in September. He is represented by Belgian Gallery Brussels (BE).        </span></span></p>
<p><a href="http://www.djosjanssens.be/" target="_blank" rel="noopener">http://www.djosjanssens.be/</a></p>
